 thousands digit of 19012735?
0
What is the millions digit of 35749914?
5
What is the ten millions digit of 4426342349?
2
What is the hundreds digit of 108280274?
2
What is the ten thousands digit of 91386874?
8
What is the thousands digit of 1902292007?
2
What is the hundred thousands digit of 106357997?
3
What is the ten millions digit of 434026857?
3
What is the hundreds digit of 11546536?
5
What is the ten millions digit of 4100106661?
0
What is the thousands digit of 96495578?
5
What is the ten millions digit of 5791243238?
9
What is the ten millions digit of 5329986739?
2
What is the ten millions digit of 1664153148?
6
What is the thousands digit of 324478360?
8
What is the ten thousands digit of 691916891?
1
What is the thousands digit of 347120648?
0
What is the ten millions digit of 43273076?
4
What is the ten millions digit of 377786183?
7
What is the ten millions digit of 50058186?
5
What is the millions digit of 403085077?
3
What is the hundred thousands digit of 18910366?
9
What is the tens digit of 187661702?
0
What is the hundred thousands digit of 203630032?
6
What is the ten thousands digit of 1720334358?
3
What is the hundred millions digit of 2418558153?
4
What is the billions digit of 1297976719?
1
What is the ten thousands digit of 1506391689?
9
What is the ten thousands digit of 160423234?
2
What is the tens digit of 541342330?
3
What is the hundred thousands digit of 40683241?
6
What is the units digit of 73262984?
4
What is the thousands digit of 97722381?
2
What is the hundreds digit of 223802918?
9
What is the units digit of 1921562718?
8
What is the thousands digit of 51840249?
0
What is the millions digit of 509108728?
9
What is the tens digit of 484812548?
4
What is the units digit of 33505441?
1
What is the thousands digit of 268306160?
6
What is the units digit of 9604916001?
1
What is the ten millions digit of 50619333?
5
What is the thousands digit of 99392783?
2
What is the tens digit of 951894061?
6
What is the units digit of 22057408?
8
What is the hundred thousands digit of 58868760?
8
What is the hundred thousands digit of 2839919475?
9
What is the ten thousands digit of 34742961?
4
What is the units digit of 224290330?
0
What is the millions digit of 101797909?
1
What is the hundred thousands digit of 7555933020?
9
What is the units digit of 43730025?
5
What is the tens digit of 305025543?
4
What is the hundreds digit of 220452327?
3
What is the hundred thousands digit of 1251130858?
1
What is the ten thousands digit of 911779743?
7
What is the ten millions digit of 20467764?
2
What is the ten thousands digit of 320273102?
7
What is the units digit of 166389860?
0
What is the thousands digit of 13246008?
6
What is the hundred millions digit of 112912534?
1
What is the hundreds digit of 438433799?
7
What is the ten thousands digit of 3651165?
5
What is the thousands digit of 58621148?
1
What is the units digit of 131478832?
2
What is the hundreds digit of 385949998?
9
What is the ten thousands digit of 52023476?
2
What is the ten thousands digit of 472653954?
5
What is the hundred thousands digit of 1058541714?
5
What is the ten thousands digit of 116097475?
9
What is the tens digit of 80980482?
8
What is the thousands digit of 111158152?
8
What is the tens digit of 4722629436?
3
What is the units digit of 451566743?
3
What is the hundreds digit of 50610665?
6
What is the hundred thousands digit of 461884059?
8
What is the ten thousands digit of 33614186?
1
What is the units digit of 183925126?
6
What is the thousands digit of 6941577401?
7
What is the thousands digit of 2118272725?
2
What is the hundreds digit of 54511802?
8
What is the ten thousands digit of 5537294?
3
What is the hundreds digit of 257698989?
9
What is the hundred thousands digit of 1019493335?
4
What is the tens digit of 1768959309?
0
What is the ten thousands digit of 9342176?
4
What is the ten thousands digit of 121401513?
0
What is the tens digit of 1001926261?
6
What is the units digit of 363500787?
7
What is the hundred thousands digit of 3318271812?
2
What is the hundred thousands digit of 268770796?
7
What is the units digit of 514266086?
6
What is the hundred thousands digit of 154330643?
3
What is the ten millions digit of 122463140?
2
What is the ten thousands digit of 1836916123?
1
What is the hundred millions digit of 1047814831?
0
What is the ten millions digit of 4783375050?
8
What is the millions digit of 155091561?
5
What is the ten thousands digit of 3405323654?
2
What is the ten millions digit of 498079121?
9
What is the ten millions digit of 1327934408?
2
What is the hundred thousands digit of 296159614?
1
What is the hundred millions digit of 1124033095?
1
What is the ten thousands digit of 156183799?
8
What is the units digit of 1415310860?
0
What is the tens digit of 87733992?
9
What is the hundred millions digit of 349773436?
3
What is the millions digit of 675139233?
5
What is the hundred thousands digit of 5485968726?
9
What is the ten thousands digit of 9472219?
7
What is the units digit of 1474237673?
3
What is the ten millions digit of 638574785?
3
What is the hundreds digit of 1248034554?
5
What is the thousands digit of 835506581?
6
What is the hundred thousands digit of 1071810849?
8
What is the hundred thousands digit of 634926391?
9
What is the hundreds digit of 2879993910?
9
What is the hundred millions digit of 5160957448?
1
What is the ten millions digit of 1071896053?
7
What is the ten millions digit of 15367279?
1
What is the millions digit of 20126716?
0
What is the units digit of 103889114?
4
What is the tens digit of 439594549?
4
What is the millions digit of 119020407?
9
What is the tens digit of 6793330?
3
What is the tens digit of 183623512?
1
What is the ten millions digit of 14391693?
1
What is the hundreds digit of 294355211?
2
What is the units digit of 14029095?
5
What is the thousands digit of 3365837755?
7
What is the hundred thousands digit of 18478948?
4
What is the hundred thousands digit of 128643930?
6
What is the tens digit of 61245296?
9
What is the ten thousands digit of 642391133?
9
What is the tens digit of 1037406711?
1
What is the units digit of 11999686?
6
What is the millions digit of 229064503?
9
What is the ten millions digit of 206010403?
0
What is the millions digit of 4968359?
4
What is the tens digit of 196918390?
9
What is the tens digit of 665037258?
5
What is the units digit of 459515697?
7
What is the thousands digit of 61407956?
7
What is the units digit of 2703676185?
5
What is the hundred thousands digit of 20610736?
6
What is the hundreds digit of 2492838175?
1
What is the ten thousands digit of 23633034?
3
What is the billions digit of 2586107799?
2
What is the hundred millions digit of 150261539?
1
What is the millions digit of 191424263?
1
What is the ten millions digit of 17136226?
1
What is the thousands digit of 42605723?
5
What is the thousands digit of 504566795?
6
What is the tens digit of 5381800?
0
What is the hundreds digit of 306588875?
8
What is the hundred millions digit of 2128497497?
1
What is the hundred thousands digit of 472324050?
3
What is the units digit of 3929405014?
4
What is the millions digit of 51677339?
1
What is the hundred thousands digit of 18923038?
9
What is the hundred millions digit of 314708590?
3
What is the units digit of 200320762?
2
What is the millions digit of 148057341?
8
What is the hundred millions digit of 2327713520?
3
What is the ten millions digit of 2502166265?
0
What is the hundred millions digit of 545353281?
5
What is the units digit of 445459449?
9
What is the tens digit of 77520427?
2
What is the hundred thousands digit of 417238285?
2
What is the hundreds digit of 750620988?
9
What is the ten millions digit of 132733500?
3
What is the ten millions digit of 501690712?
0
What is the units digit of 673842375?
5
What is the hundred thousands digit of 425124342?
1
What is the hundreds digit of 5613510624?
6
What is the ten thousands digit of 487865722?
6
What is the millions digit of 149312200?
9
What is the ten millions digit of 250725648?
5
What is the units digit of 2887309053?
3
What is the tens digit of 1011462680?
8
What is the hundred millions digit of 190240286?
1
What is the hundreds digit of 